-1 - 8)?
7
What is the value of 0 + -6 - (-6 - (4 - 3))?
1
What is -15 + 4 - (2 - (0 - -3))?
-10
4 + -9 + 1 + 6
2
Evaluate (1 - 0 - -2) + 3 + -4.
2
Calculate 3 + -4 + 5 + -2.
2
-2 - (2 - 2 - 2) - 3
-3
What is the value of -1 + 0 + (5 - 8 - -5)?
1
What is -7 - (-9 + (-5 - -2 - -8))?
-3
What is (-1 - -3 - (43 + -44)) + -8?
-5
4 + (0 - 1) + -8
-5
Evaluate 11 - (-8 - -12 - (1 + -3)).
5
What is 1 + -3 - 3 - 4?
-9
What is (6 - -17) + -10 + -5?
8
What is (-1 - 0) + (8 - 3)?
4
Calculate (-6 - 2 - 0) + 5.
-3
Evaluate -8 + (4 + 1 - 5) + 5.
-3
Evaluate -9 + 5 + 2 + -3.
-5
-4 + (3 - 3) - (2 + -4)
-2
Calculate -7 + (7 - 5) - -5.
0
What is 5 - (-2 + 4 + 4)?
-1
What is the value of 1 - 3 - (4 + -2 + 0)?
-4
What is the value of 10 - (8 + 9) - -10?
3
What is (1 - 9 - (7 + -6)) + -1?
-10
(-9 - -3) + (-3 - 0 - -6)
-3
What is -9 - -9 - (4 + -15 + 4)?
7
Calculate -1 + -3 - (2 - 2).
-4
What is the value of (-2 + 6 - -2) + (-4 - 1)?
1
Evaluate (0 - -6) + 0 + -4.
2
9 + 1 - (76 + -70)
4
What is 0 - -8 - (12 - (-1 + 11))?
6
What is -2 + 15 - (7 + (13 - 14))?
7
What is the value of (1 - 5) + (17 - 17)?
-4
What is -6 + -3 + 1 - (4 - 7)?
-5
Evaluate 0 - (2 + -3 + 1 + 0).
0
Evaluate -8 + (0 - -4 - 0) + -1.
-5
What is the value of (5 - (3 - 2) - 3) + 1?
2
What is -8 + (11 - (10 + -5)) + -3?
-5
What is -6 - (-7 + 7 + -17) - 3?
8
What is the value of -7 + 8 + (-5 - -8)?
4
0 - 2 - (-3 + 7 + -1)
-5
What is (12 - -1) + (10 - 16) + -13?
-6
1 + (2 - (3 - -4))
-4
What is 0 + (-2 - (0 - 5))?
3
(11 - 26 - -15) + 2
2
What is the value of 3 - (2 - 1) - 3 - 2?
-3
Evaluate -1 + 7 + (-2 - (3 - 4)).
5
What is -6 - (-16 + 9) - (-1 - 6)?
8
Calculate 3 + -1 + 0 + (14 - 10).
6
Calculate 2 - 3 - (14 + -19).
4
Evaluate -1 + 4 + -1 - -2.
4
Calculate -1 - ((-14 + 0 - -3) + 4).
6
What is the value of 18 + (-3 - 9) + 0?
6
What is the value of -3 + -1 + 0 + -6 + 7?
-3
Calculate (9 - (5 - 0)) + -2.
2
Calculate 0 + (-2 - -3 - 4) - -3.
0
Evaluate 1 - 5 - (24 + -23).
-5
Calculate 12 - (37 + -11 + -11).
-3
What is the value of 2 + (2 - 9) - -2?
-3
Evaluate -15 + 5 - (-3 + 8 - 6).
-9
What is 2 + (-4 - (-1 - 0))?
-1
Evaluate 8 + -3 + (4 - (2 + 4)).
3
(-1 + -4 + 2 - -11) + -3
5
Calculate 7 + 2 - (54 + -48).
3
What is -2 + 4 + -8 + 23 + -17?
0
What is the value of (-4 - (-1 - 5)) + (-2 - 0)?
0
2 - (-1 - 7) - 6
4
Calculate 6 + -5 + -3 + 1 + -6.
-7
Evaluate -16 - (5 + -4 + -12).
-5
What is (-4 + 9 - 3) + -2 - 0?
0
What is -11 + 13 + -10 - -8?
0
Evaluate (-9 - -5) + 12 + -3 + 2.
7
What is 2 - (-2 + 2 - -1) - 5?
-4
Evaluate 4 + -14 + 4 + 11.
5
What is the value of 9 - 8 - (2 + -4 + 1)?
2
Evaluate (-21 - -34) + (3 - 19).
-3
Calculate -3 - (-3 + (-3 - -3) + -1).
1
2 - (32 + -25 - (0 - -10))
5
3 + 5 + -3 - (4 + 0)
1
Evaluate 1 + (-3 - (7 + -3)) - 1.
-7
Calculate (3 + -5 + -4 - -4) + 5.
3
Calculate 2 + 0 - (9 + (-4 - -2)).
-5
What is -5 - (-2 + (-6 - -4) + 3)?
-4
Calculate 8 - (-3 + 8 + -1) - 7.
-3
-8 + -2 + 18 + -12
-4
What is the value of (-5 - (-3 - -2 - -1)) + 3?
-2
What is -1 + 3 - (26 - 23)?
-1
Evaluate 9 - -2 - (6 - -10).
-5
Calculate 3 + -5 + -3 + 0.
-5
-13 - (8 + (3 - 11) - 5)
-8
(0 + 6 - (39 + -31)) + -3
-5
What is 5 + (-7 - (8 + -8))?
-2
What is 7 + 0 + -9 + 2 + 2?
2
Evaluate 5 + (6 + -1 - 14) - 2.
-6
What is 3 - ((0 - (2 + -4)) + -2)?
3
11 + -3 + -4 - 3
1
What is 14 - -2 - 3 - 8?
5
Calculate 1 + -1 - (4 + -2).
-2
-2 - ((14 - 4) + -8)
-4
What is the value of (13 - 7) + -4 + -5?
-3
Evaluate 19 + -11 + 11 + -11.
8
Evaluate (4 - -1) + 3 + -9 + 3.
2
Calculate 7 + (1 - 2) + -2 + -1.
3
What is the value of (-2 + 2 - 2 - 2) + 10?
6
9 + -2 - (7 - 3)
3
What is the value of (3 + -1 - -6) + 2?
10
Calculate (-7 - -7 - 9) + 4.
-5
Calculate -2 + -7 + (9 - (3 - -1)).
-4
Calculate -4 - -3 - ((2 - 3) + 1).
-1
Calculate -2 + -1 - (-12 + 4).
5
What is -3 - (-1 + (-1 - 0))?
-1
Evaluate 6 + 13 + -10 - 13.
-4
What is -2 - (5 + (-8 - -4) + -3)?
0
Evaluate -4 + -2 - (-3 + -1).
-2
What is the value of 5 - 1 - (-4 - -5)?
3
Evaluate 3 - 8 - -18 - 11.
2
What is (8 - (8 - 6 - -11)) + 2?
-3
Evaluate -4 + 3 + -2 + 0 - 1.
-4
What is -7 + (11 - -4) + -5?
3
What is the value of 5 + (5 - (6 + 0))?
4
Evaluate -5 + 17 + 3 + -2 + -4.
9
(0 - 5) + 6 + (0 - -4)
5
Calculate -4 + (3 - 1) + -1 + -1.
-4
What is the value of 7 + (1 - 5) + 14 + -24?
-7
What is the value of 1 - (4 + -9 - -4)?
2
0 - (-8 + 10 + (0 - 5))
3
What is the value of (-6 - -5) + (1 - -2)?
2
Calculate 12 + -5 - (5 + 3).
-1
Evaluate 2 + -11 + (-50 - -53).
-6
Calculate 3 - 2 - (0 - -1 - 5).
5
Calculate 7 + 0 - (43 + -38).
2
What is the value of -2 - (6 - (11 - 12))?
-9
What is 11 + 2 + -4 + (5 - 9)?
5
6 + -1 + 23 + -27
1
13 - 10 - (2 - 1)
2
-1 - (1 + -6 + -2 + 5)
1
Evaluate 1 + -3 + -1 + 1 + 3.
1
Calculate 3 - (-17 - (-5 - 7)).
8
Calculate 0 + (1 - -1) + -3.
-1
-57 - -57 - (12 + -3)
-9
1 + (2 - 2) + 3
4
What is the value of 6 - (11 + -4 + -6)?
5
(28 - 34) + -1 + 7
0
Calculate (4 + -6 + -5 - 5) + 6.
-6
What is the value of 9 + (12 - 31) + 11?
1
2 + (5 - (8 - 4)) - -2
5
5 - (19 + 3 + -6 + -4)
-7
Calculate (-1 - -3) + (-3 - 2).
-3
Evaluate (-3 - -7) + (5 - 10).
-1
10 + -2 + 1 - (-18 - -24)
3
(-1 - 1) + -7 + 2 + 6
-1
What is (11 - (-6 + 6)) + -18?
-7
Calculate (8 - -3 - 23) + 6.
-6
Evaluate 2 - (1 + -4 + (-4 - -2)).
7
What is the value of 3 + -2 + (14 - 16)?
-1
What is the value of 2 - (-14 - (-12 - 0))?
4
What is the value of -6 + 8 + 0 + -1 + 5?
6
What is (2 - 2 - 10) + -3 + 3?
-10
Calculate (-7 - 1) + (36 - 31).
-3
3 + (0 - 5) + 5 + -1
2
Evaluate -2 - (2 + 3 + -3 + -3).
-1
Evaluate (11 - 7 - 4) + 6.
6
Calculate 4 + -5 - (0 + -4).
3
9 - (3 + (-2 - -3))
5
Calculate (9 - (14 + -6)) + 6.
7
Evaluate (-8 - (-10 + 4 + 1)) + 7.
4
Calculate -1 - ((3 - -2) + -5).
-1
What is the value of 2 + 5 + 0 + -5?
2
(-3 - (-11 - -17)) + 17
8
What is (2 - 0) + (3 - 13) + 14?
6
Evaluate 11 + 4 + -8 + -3.
4
What is the value of 0 + -12 - (-125 - -116)?
-3
-4 + -4 + 4 + 0
-4
Evaluate -1 + (4 - -7 - 2).
8
What is 2 - (-1 - (-4 + 3 + 2))?
4
Calculate -4 + (-8 - -4) + (2 - -9).
3
Calculate 3 - (-1 + -1 + (-1 - 2)).
8
What is the value of (1 - -2) + (-11 - -15 - 9)?
-2
Evaluate -8 + 12 + -3 + 2 + 2.
5
What is -10 + 5 + 3 + 1?
-1
What is (0 + -2 + 2 - -4) + -8?
-4
(-1 - -2) + (-6 - -13)
8
Calculate -1 + 3 + -1 - (12 - 7).
-4
Calculate -2 + (0 - 1 - 2).
-5
-3 + 2 + 0 + 3
2
What is 9 + 0 + -5 + 2 - 13?
-7
What is -5 + 11 + 1 + 6 + -5?
8
Calculate -3 - -1 - (-28 - -31).
-5
What is 6 - ((-3 - -4 - 0) + 2)?
3
(-1 - -6) + (5 + -10 - 3)
-3
Evaluate -4 - (-7 - (7 - 7)).
3
What is the value of (-4 + 3 - 3) + -1?
-5
Evaluate 3 + (-1 - 2) + 5.
5
What is -13 + 13 + (-3 - 2) + 1?
-4
Evaluate (0 - (-1 + (-1 - -2))) + 2.
2
(-1 - 0) + 5 + -4
0
Evaluate 0 + 6 + -8 + 4.
2
Evaluate -3 + -1 + (-1 - -4).
-1
(7 - 5) + (3 - 0)
5
Evaluate 6 + -1 + (-6 - 0).
-1
Evaluate 4 + (-5 - 4) + 0 + 2.
-3
Calculate 8 + -10 + 0 + (-3 - -1).
-4
Calculate (-3 - 6 - -6) + -5.
-8
What is (-5 - 5 - -3) + 3 + 1?
-3
What is the value of -4 + 4 + (5 + -2 - 1)?
2
Evaluate 0 - 0 - (-15 + -3 + 19).
-1
1 + (2 - 1) - (23 + -25)
4
Evaluate (11 + 2 - 5) + 0 + -3.
5
What is (0 - -5) + (-19 - -7)?
-7
What is (-4 - -2) + -1 + 6 + -6?
-3
Calculate 5 + -2 + (0 - -1).
4
Calculate 5 + -1 - (-19 - -28).
-5
What is 3 - (-2 + -5 + 19 + -5)?
-4
What is 8 + -1 + 36 + -38?
5
Evaluate -3 + 6 + (6 + -10 - -2).
1
Evaluate -3 + 4 + 5 + 0 + -3.
3
What is -28 + 19 - (-2 - 16)?
9
Calculate 4 + -5 + -5 - -4.
-2
Calculate 230 - 226 - (2 + -1 + 1).
2
What is (1 - 0) + (-5 - (-6 - -3))?
-1
What is 3 - (0 + -1 + 8)?
-4
What is 14 - (-1 + 6 + 12)?
-3
Evaluate 2 - 2 - (-1 - (-2 - 3)).
-4
Calculate 13 - (31 + -11) - 0.
-7
What is 5 + -10 + 3 + 0 + 5?
3
Calculate -4 - -1 - (-1 + 6 + -9).
1
What is the value of -3 + 8 + -23 + 10?
-8
What is 7 + (-2 - 0) + (-26 - -24)?
3
What is (55 - 49) + 0 + -6 + -1?
-1
What is the value of -26 + 18 - (-2 - (4 - 4))?
-6
0 + 2 + (0 - 3) + 3
2
Calculate -3 + -1 + 4 + 1.
1
What is -5 + -3 + 4 + (8 - 2)?
2
(37 - 30) + (-5 - 2)
0
Calculate (28 - 34) + 7 + 0.
1
Calculate (-3 - 0) + 1 + -3.
-5
Calculate 22 + -23 + (-2 - -1 - 0).
-2
0 + -4 - -1 - -2
-1
3 - (3 - 1 - (3 - 0))
4
-7 - (-10 - -7) - -8
4
What is the value of -9 + 15 + (-5 - 4)?
-3
What is the value of (17 + -18 - (13 + -3)) + 6?
-5
Calculate 5 + -4 + 0 + (0 - -1).
2
2 + 1 - (3 + -3 + 0)
3
0 + 1 + -274